et h = c + 0. What are the prime factors of h?
2
Suppose -3*x = -2*x - 5. Let a = -2 + x. What are the prime factors of a?
3
Suppose 0 = 2*c - 2, -v - 5 - 2 = -5*c. Let f(a) = -22*a + 3. What are the prime factors of f(v)?
47
What are the prime factors of (-8)/4*-2 + 61?
5, 13
Let h(d) = d**3 + 3*d**2 - d + 3. Let s be h(-3). Suppose -3*y + 5*f + 39 = s, 3*f = -y - 3. What are the prime factors of y/(-15) - 17/(-5)?
3
Let u(k) = k**3 + 8*k**2 + 8*k + 9. Let q be u(-7). Let d = 0 + q. Suppose 16 = -0*m + d*m. What are the prime factors of m?
2
Let l(r) = -r**3 - 11*r**2 + 9*r - 3. What are the prime factors of l(-12)?
3, 11
Suppose -2*j = -4*o - 136, -2*j - 6*o + 2*o + 120 = 0. What are the prime factors of j?
2
Suppose 9 = 2*w + w. What are the prime factors of 14 + (1 - 2)*w?
11
Let j = -5 + 9. Suppose -64 = -0*v - j*v. List the prime factors of v.
2
Let m = 7 - 13. Let z be 4/6 + (-68)/m. Suppose z = i + i. List the prime factors of i.
2, 3
Let z be 1 - (-2 - 0 - 0). Suppose -1 = x - z. List the prime factors of x.
2
Suppose -4*k + 51 = -3*k + z, 2*k + z - 99 = 0. Suppose 0*h + 32 = 4*q + 4*h, -4*h = -4*q + k. List the prime factors of q.
2, 5
Let u be 106/10 - (-12)/30. Let f = 48 - u. List the prime factors of f.
37
Let o = 8 - 9. What are the prime factors of ((-60)/14)/(o/7)?
2, 3, 5
List the prime factors of (-2)/5 + 864/10.
2, 43
Let o = 77 - 36. List the prime factors of o.
41
Let k(q) = q**3 - 11*q**2 + 10*q + 9. Let o = -5 + 15. List the prime factors of k(o).
3
Suppose -k + 16 = k. Suppose 36 = 2*c - k. List the prime factors of c.
2, 11
Suppose -d + 25 = -6*d, 4*h - 908 = 4*d. What are the prime factors of h?
2, 3, 37
Let g = -185 - -283. Let w = g + -54. What are the prime factors of w?
2, 11
Suppose 4*x - 5*x + 58 = 0. What are the prime factors of x?
2, 29
What are the prime factors of ((-12)/9)/((-4)/174)?
2, 29
Let c be 1/((2 + 0)/8). Let k(w) = -5*w**2 - 7*w + 0*w**3 + 13*w + w**3 - 5. List the prime factors of k(c).
3
Let u = -115 + 161. List the prime factors of u.
2, 23
Let u be 38/10 + 3/15. Suppose -1 + 17 = u*x. Suppose 0 = 5*m + o - x*o - 72, -4*o = m + 4. What are the prime factors of m?
2, 3
Let q be ((-2)/(-1))/(2/(-1)). Let h = q + 4. What are the prime factors of h?
3
Let p(k) = -k**2 - 33*k - 17. What are the prime factors of p(-15)?
11, 23
Let g be (-3 - -3)/(-1 + -1). Suppose -3*n + 5*f = -4 - 15, 5*n - 3*f - 53 = g. List the prime factors of n.
13
Suppose -2*r + 6*r = 0. Suppose 3*v = -2*v, d - v - 5 = r. Let i(z) = -z**2 + 7*z - 1. List the prime factors of i(d).
3
Let t(l) = -l**3 + 7*l**2 + l - 4. Let r be t(7). Suppose -r*p + 14 = -2*p. What are the prime factors of p?
2, 7
Let a(c) = -c**3 + 8*c**2 + 2*c + 2. Let m be a(6). Let k = m - 58. List the prime factors of k.
2, 7
Suppose -u + k = 43, 0*u - 88 = 2*u - 3*k. Let m = -26 - u. List the prime factors of m.
3, 5
Let k be (-63)/(-49) - (-2)/(-7). Let l(x) = 5*x. Let u be l(1). What are the prime factors of (-2)/(-2) + u + k?
7
Let o(g) = -g**3 - g**2 + 69. Let v be o(0). Suppose 2*z + z - v = 0. List the prime factors of z.
23
Suppose 2*a + 2*a = 0. Suppose -2*o - 4 + 12 = a. Let f = 3 + o. What are the prime factors of f?
7
Let d = 226 - 81. List the prime factors of d.
5, 29
Suppose k = -5, 2*k - 115 = -5*v + 6*k. Let a be 1*v + 5 + -3. Suppose 0*g - 3*g + a = 0. What are the prime factors of g?
7
Let l = -9 + 19. Suppose -4*b + 5*d = -46, -5*b + l*b = d + 68. Suppose -26 - b = -5*g. What are the prime factors of g?
2
Let z = 13 + -11. Suppose -z*y - 2*b = -44, -y = 3*y + b - 91. List the prime factors of y.
23
Let z be 5*(-1)/(2/(-2)). Let t = 10 - z. Suppose t*l - 2 = 53. What are the prime factors of l?
11
List the prime factors of 2 - (-76 + -3)*1.
3
Suppose -4*x + 3*h + 51 = 0, -5*x - 3*h + 22 = -62. Suppose 0*w = 3*w. Suppose -3*u + 6 + x = w. List the prime factors of u.
7
Suppose l + 100 = 5*c - 145, -2*c + l + 95 = 0. List the prime factors of c.
2, 5
Suppose -2*q + 11 = -y + 2*q, 11 = 2*y + 3*q. Let d be 2 - (0/y - 10). Suppose -3*x + 53 = -4*l, 4*l - 1 = -3*x + d. What are the prime factors of x?
11
Suppose -2*y = -2*w + 184, 3*w + 2*y + y = 300. List the prime factors of w.
2, 3
Let d be 2/(-3) + 38/3. Let w = d - 7. Suppose 3*a = w*x + 29, 46 = 3*a + 3*x + 1. What are the prime factors of a?
13
Let g be ((-2)/2 + -24)*-1. Suppose -d + g = -0*d. List the prime factors of d.
5
Let w(r) be the third derivative of -3*r**2 + 0 - 1/2*r**3 + 1/24*r**4 + 0*r. What are the prime factors of w(9)?
2, 3
Let u(q) = q. Let t be u(3). Suppose -3*f + 0*f = -t*a + 6, -a = 3*f - 10. Suppose 0 = a*g - 0*g - 52. What are the prime factors of g?
13
Suppose b + 2*b = 15. Let s be (b*3)/1*-1. Let t = -7 - s. What are the prime factors of t?
2
Suppose 4*y - v - 37 = 18, 0 = y + 2*v - 25. Let r = y + -9. Suppose 14 = 2*c + r*k - 2*k, k + 13 = c. What are the prime factors of c?
11
Suppose 0 = x - 2*x + 11. Suppose -2*a + 8 = -w - 4*a, w + 5*a = -14. List the prime factors of x/8*-2*w.
11
Suppose -2*n + 44 = 2*n. Let d = 41 - n. What are the prime factors of d?
2, 3, 5
Let c be 0 - 0/(-1 + -1). Suppose c = -4*d + 8*d - 4, 0 = -3*n + 2*d + 58. What are the prime factors of n?
2, 5
Let b(r) = -r**3 - 4*r**2 - r - 5. Let o be b(-4). Let c be (-2)/(o/(-3) + -1). What are the prime factors of c + -1 + 5 + -1?
2, 3
Suppose -12 = -0*s + 4*s. Let w = -10 - s. List the prime factors of (-1 - 0)*(0 + w).
7
Suppose -4*g + u = -1, 17 = 3*g + 5*u - 1. What are the prime factors of 4 - 2 - -53 - g?
2, 3
Let c(q) = -q**3 - 19*q**2 - 23*q - 26. List the prime factors of c(-18).
2
Let v(a) = a**2 - a - 3. List the prime factors of v(-10).
107
Suppose -97 - 111 = -3*f + 5*o, -2*o - 4 = 0. What are the prime factors of f?
2, 3, 11
Let k(v) = 4*v**2 + 3*v**2 - 17*v + v**2 + 2 - 9*v**2. List the prime factors of k(-15).
2
Suppose 0 = 4*y - o + 15 - 45, -18 = -4*y - 5*o. Let g = y + -5. Suppose 2*n + g*n + 5*z + 13 = 0, 0 = 2*z + 10. What are the prime factors of n?
3
Let r be (3*-1)/3*-1. Let o be 33/(r + 2) + -1. List the prime factors of o - (1 + 0 + 0).
3
Suppose 2*l = 3 + 1. What are the prime factors of (8/(-4))/(l/(-16))?
2
Let m(z) = -z**3 - 3*z**2 + 4*z + 1. Let j be m(-4). Suppose 0 = 2*s - s + j. What are the prime factors of s*(2 - 4)*2?
2
Let p(c) = -6*c - 3. What are the prime factors of p(-3)?
3, 5
Suppose -h + 46 = h + 2*b, -b = -2*h + 40. Let q = h + -10. List the prime factors of q.
11
Suppose 243 = 7*m - 254. What are the prime factors of m?
71
Suppose 0 = -p - 5, -2*q + 0*q - 3*p - 11 = 0. Suppose -b = -2*o + 43, o - 15 = -q*b + 4. List the prime factors of o.
3, 7
What are the prime factors of ((-68)/(-5))/((-26)/(-65))?
2, 17
Suppose -6*z = -2*z - 244. Suppose -5*y + z - 196 = 0. List the prime factors of (y/6 - -2)*-2.
5
Let b(i) = -i - i + 6 + i. Let n be 0/1*(-2 - -3). List the prime factors of b(n).
2, 3
Let m be 2/3*3/(-2). Let y(v) = 7*v**2 + v. Let n be y(m). Suppose 0 = -4*x + n + 6. List the prime factors of x.
3
Let m(i) = -i. Let a be m(-3). Suppose 0*c = c - a. Suppose -39 = -c*o - 12. List the prime factors of o.
3
Suppose 3*p = -2 - 4. Let q = 27 - 3. List the prime factors of (q/(-30))/(p/15).
2, 3
Suppose -3*p + 3*a = 8*a - 107, 5*a - 19 = -p. List the prime factors of p.
2, 11
Suppose 0 = 4*z - 8*z + 204. List the prime factors of z.
3, 17
Let p(y) = -y**3 + y**2 - y - 1. Let q be (-2)/4 + 12/(-8). What are the prime factors of p(q)?
13
Let i be (1 - 5/2)*-6. Suppose -i*m + 2 = -8*m. List the prime factors of m.
2
Let k = 21 - -25. Suppose -b - 3*u + 25 = 0, 4*b - 5*u + k = 129. List the prime factors of b.
2, 11
Let x(c) be the first derivative of -3*c**2/2 - c + 2. Let n be x(-5). Let s = n - 6. What are the prime factors of s?
2
Let u(l) = -7*l - 3. List the prime factors of u(-7).
2, 23
Let r = 30 + 181. What are the prime factors of r?
211
Let h(u) = u**2 + 4*u + 23. What are the prime factors of h(-8)?
5, 11
Suppose w = 3*w - 220. List the prime factors of w.
2, 5, 11
What are the prime factors of 2/(-6) + 264/9?
29
Suppose -3*b - 4*f + 354 = -f, b - 3*f - 122 = 0. List the prime factors of b.
7, 17
Suppose w + 3 - 7 = 0. Suppose 0*t + w = 2*t. Suppose -3*g = t*a - 19, -4*a - 12 = -3*g - g. List the prime factors of g.
5
Suppose -3 + 0